{"id":367,"date":"2025-05-24T19:06:39","date_gmt":"2025-05-24T19:06:39","guid":{"rendered":"https:\/\/dissiiru.com.mx\/?post_type=product&#038;p=367"},"modified":"2025-05-27T22:26:55","modified_gmt":"2025-05-27T22:26:55","slug":"red-mandarin","status":"publish","type":"product","link":"https:\/\/dissiiru.com.mx\/index.php\/producto\/red-mandarin\/","title":{"rendered":"Red Mandarin"},"content":{"rendered":"","protected":false},"excerpt":{"rendered":"<p><strong>Red Mandarin<\/strong><\/p>\n<p>El aceite esencial de Red Mandarin tiene un aroma dulce, verde y c\u00edtrico. Sus notas ex\u00f3ticas inspiran una sensaci\u00f3n de exploraci\u00f3n, iluminando el ambiente con energ\u00eda pura al difundirlo. La mandarina roja proviene del fruto maduro del mandarino, conocido por sus propiedades calmantes.<\/p>\n<ul>\n<li>Inspirador<\/li>\n<li>Energizante<\/li>\n<li>Refuerzo inmunol\u00f3gico<\/li>\n<\/ul>\n<p>Origen:\u00a0Espa\u00f1a<\/p>\n<p>M\u00e9todo de recolecci\u00f3n:\u00a0prensado en fr\u00edo<\/p>\n<p>Parte de la planta:\u00a0C\u00e1scara<\/p>\n<p>Componentes principales:\u00a0limoneno (d), \u03b3-terpineno<\/p>\n<p>Descripci\u00f3n arom\u00e1tica:\u00a0Ex\u00f3tico, dulce, c\u00edtrico.<\/p>\n","protected":false},"featured_media":368,"comment_status":"open","ping_status":"closed","template":"","meta":[],"product_brand":[31],"product_cat":[26],"product_tag":[],"class_list":{"0":"post-367","1":"product","2":"type-product","3":"status-publish","4":"has-post-thumbnail","6":"product_brand-ultrra","7":"product_cat-rare-oils-singles","9":"first","10":"instock","11":"shipping-taxable","12":"purchasable","13":"product-type-simple"},"jetpack_sharing_enabled":true,"_links":{"self":[{"href":"https:\/\/dissiiru.com.mx\/index.php\/wp-json\/wp\/v2\/product\/367","targetHints":{"allow":["GET"]}}],"collection":[{"href":"https:\/\/dissiiru.com.mx\/index.php\/wp-json\/wp\/v2\/product"}],"about":[{"href":"https:\/\/dissiiru.com.mx\/index.php\/wp-json\/wp\/v2\/types\/product"}],"replies":[{"embeddable":true,"href":"https:\/\/dissiiru.com.mx\/index.php\/wp-json\/wp\/v2\/comments?post=367"}],"wp:featuredmedia":[{"embeddable":true,"href":"https:\/\/dissiiru.com.mx\/index.php\/wp-json\/wp\/v2\/media\/368"}],"wp:attachment":[{"href":"https:\/\/dissiiru.com.mx\/index.php\/wp-json\/wp\/v2\/media?parent=367"}],"wp:term":[{"taxonomy":"product_brand","embeddable":true,"href":"https:\/\/dissiiru.com.mx\/index.php\/wp-json\/wp\/v2\/product_brand?post=367"},{"taxonomy":"product_cat","embeddable":true,"href":"https:\/\/dissiiru.com.mx\/index.php\/wp-json\/wp\/v2\/product_cat?post=367"},{"taxonomy":"product_tag","embeddable":true,"href":"https:\/\/dissiiru.com.mx\/index.php\/wp-json\/wp\/v2\/product_tag?post=367"}],"curies":[{"name":"wp","href":"https:\/\/api.w.org\/{rel}","templated":true}]}}