{"id":300,"date":"2025-05-23T18:37:58","date_gmt":"2025-05-23T18:37:58","guid":{"rendered":"https:\/\/dissiiru.com.mx\/?post_type=product&#038;p=300"},"modified":"2025-05-27T22:52:03","modified_gmt":"2025-05-27T22:52:03","slug":"frankincense","status":"publish","type":"product","link":"https:\/\/dissiiru.com.mx\/index.php\/producto\/frankincense\/","title":{"rendered":"Frankincense"},"content":{"rendered":"","protected":false},"excerpt":{"rendered":"<p data-start=\"0\" data-end=\"171\"><strong>Frankincense<\/strong><\/p>\n<div class=\"featured-product-info\">\n<div class=\"featured-product-detail\">\n<div class=\"wistia_responsive_padding\">\n<div class=\"wistia_responsive_wrapper text-summary\">\n<div class=\"featured-product-info\">\n<div>\n<div class=\"featured-product-detail\">\n<div class=\"wistia_responsive_padding\">\n<div class=\"wistia_responsive_wrapper text-summary\">\n<div class=\"featured-product-info\">\n<div>\n<div class=\"featured-product-detail\">\n<div class=\"wistia_responsive_padding\">\n<div class=\"wistia_responsive_wrapper text-summary\">\n<div class=\"featured-product-info\">\n<div>\n<div class=\"featured-product-detail\">\n<div class=\"wistia_responsive_padding\">\n<div class=\"wistia_responsive_wrapper text-summary\">\n<p class=\"text-summary\">Frankincense<span class=\"text-summary\"><span>, junto con el oro y la mirra, se incluy\u00f3 entre los regalos ofrecidos al ni\u00f1o Jes\u00fas en el Nuevo Testamento de la Biblia. Su dulce aroma se utilizaba en la antig\u00fcedad para favorecer el equilibrio emocional y la salud f\u00edsica.<\/span><\/span><\/p>\n<ul class=\"tick-points\">\n<li class=\"text-summary\"><span>edificante<\/span><\/li>\n<li class=\"text-summary\"><span>Agudiza la concentraci\u00f3n<\/span><\/li>\n<li class=\"text-summary\"><span>Promueve una piel sana<\/span><\/li>\n<\/ul>\n<p>&nbsp;<\/p>\n<div class=\"featured-product-info\">\n<div>\n<div class=\"featured-product-detail\">\n<div class=\"wistia_responsive_padding\">\n<div class=\"wistia_responsive_wrapper text-summary\">\n<p class=\"text-summary text-dark feature-origin fs-16 fw-700\"><span>Origen:\u00a0<\/span><span class=\"text-summary country-origin fw-100\"><span>India<\/span><\/span><\/p>\n<p class=\"text-summary text-dark feature-origin fs-16 fw-700\"><span>M\u00e9todo de recolecci\u00f3n:\u00a0<\/span><span class=\"text-summary country-origin fw-100\"><span>destilaci\u00f3n al vapor<\/span><\/span><\/p>\n<p class=\"text-summary text-dark feature-origin fs-16 fw-700\"><span>Parte de la planta:\u00a0<\/span><span class=\"text-summary country-origin fw-100\"><span>resina de Boswellia Serrata<\/span><\/span><\/p>\n<p class=\"text-summary text-dark feature-origin fs-16 fw-700\"><span>Componentes principales:\u00a0<\/span><span class=\"text-summary country-origin fw-100\"><span>\u03b1-pineno, limoneno, \u03b1-tuyeno<\/span><\/span><\/p>\n<p class=\"text-summary\"><span>Descripci\u00f3n arom\u00e1tica:\u00a0<\/span><span class=\"text-summary country-origin fw-100\"><span>Bals\u00e1mico, especiado.<\/span><\/span><\/p>\n<\/div>\n<\/div>\n<\/div>\n<\/div>\n<\/div>\n<\/div>\n<\/div>\n<\/div>\n<\/div>\n<\/div>\n<\/div>\n<\/div>\n<\/div>\n<\/div>\n<\/div>\n<\/div>\n<\/div>\n<\/div>\n<\/div>\n<\/div>\n<\/div>\n<\/div>\n<\/div>\n<\/div>\n","protected":false},"featured_media":302,"comment_status":"open","ping_status":"closed","template":"","meta":[],"product_brand":[31],"product_cat":[26],"product_tag":[],"class_list":{"0":"post-300","1":"product","2":"type-product","3":"status-publish","4":"has-post-thumbnail","6":"product_brand-ultrra","7":"product_cat-rare-oils-singles","9":"first","10":"instock","11":"shipping-taxable","12":"purchasable","13":"product-type-simple"},"jetpack_sharing_enabled":true,"_links":{"self":[{"href":"https:\/\/dissiiru.com.mx\/index.php\/wp-json\/wp\/v2\/product\/300","targetHints":{"allow":["GET"]}}],"collection":[{"href":"https:\/\/dissiiru.com.mx\/index.php\/wp-json\/wp\/v2\/product"}],"about":[{"href":"https:\/\/dissiiru.com.mx\/index.php\/wp-json\/wp\/v2\/types\/product"}],"replies":[{"embeddable":true,"href":"https:\/\/dissiiru.com.mx\/index.php\/wp-json\/wp\/v2\/comments?post=300"}],"wp:featuredmedia":[{"embeddable":true,"href":"https:\/\/dissiiru.com.mx\/index.php\/wp-json\/wp\/v2\/media\/302"}],"wp:attachment":[{"href":"https:\/\/dissiiru.com.mx\/index.php\/wp-json\/wp\/v2\/media?parent=300"}],"wp:term":[{"taxonomy":"product_brand","embeddable":true,"href":"https:\/\/dissiiru.com.mx\/index.php\/wp-json\/wp\/v2\/product_brand?post=300"},{"taxonomy":"product_cat","embeddable":true,"href":"https:\/\/dissiiru.com.mx\/index.php\/wp-json\/wp\/v2\/product_cat?post=300"},{"taxonomy":"product_tag","embeddable":true,"href":"https:\/\/dissiiru.com.mx\/index.php\/wp-json\/wp\/v2\/product_tag?post=300"}],"curies":[{"name":"wp","href":"https:\/\/api.w.org\/{rel}","templated":true}]}}